3*t - 4*t = w + 23, 16 = -2*t + 3*w. Let u(j) = -8*j - 149. Calculate u(t).
-13
Let w(f) = -2*f**2 - 8. Let u(a) = a**3 + 4*a**2 - 16*a. Let o be u(-6). Suppose -4*d = o*d. Give w(d).
-8
Let y(l) = -l**3 + 2*l**2 + 7*l - 8. Let u(c) = 15*c - 210. Let k be u(14). Suppose k = -11*n - 11 + 44. What is y(n)?
4
Let w(a) = 3*a**2 + 10*a + 18. Let i = -49 - -46. Let u be w(i). Let p(o) = -14*o + 6 - 3 + u*o - 1 - o**2. Determine p(0).
2
Suppose 7*h + 72 = -h. Let o = 19 + h. Let z(x) = -x**2 + 12*x - 13. Calculate z(o).
7
Let z(h) be the third derivative of h**6/120 - 7*h**5/20 - 11*h**4/12 + 8*h**3 + 8475*h**2. Calculate z(22).
48
Suppose 0 = 5*t + 3*v - 2, 0 = 4*t + 2*v + v - 4. Suppose 23*a + 47*a - 210 = 0. Let c(m) = -2*m - 2 - 2*m**2 - 1239*m**3 + 0*m**2 + 1238*m**a. Calculate c(t).
2
Let b(n) = -n + 84791 - 84739 - 2*n. Determine b(18).
-2
Suppose -5 + 5 = z. Suppose 22*l + 25 - 179 = z. Let q(g) = g**2 - 7*g + 5. Calculate q(l).
5
Let i(v) = 5*v - 5*v**2 - 4 - 3*v**2 + 3 + v**3. Suppose 0 = -5*x + 4*z - 1, 62 = 5*x - 19*z + 22*z. Determine i(x).
-15
Suppose -25*f + f - 256 - 32 = 0. Let s(j) = -j**2 - j - 1. Let x(y) = 2*y**2 + 12*y - 10. Let w(o) = s(o) + x(o). Determine w(f).
1
Let g(c) = -c**2 - 4*c + 1. Let k(d) = 3*d**2 + 3*d - 15. Let n be k(-11). Let v be (-3 - 1) + n/21. Let a = v - 13. Calculate g(a).
5
Let t(f) = f**2 + 11*f + 24. Let w be t(-6). Let s = 24 - 22. Let v(m) = -3*m**s - 6*m - 3 - 2*m**2 + 4*m**2. What is v(w)?
-3
Let o(z) = z**3 - 17*z**2 - 35*z - 18. Suppose 0 = 4*y, -15*y - 13*y - 95 = -5*j - 29*y. Give o(j).
39
Let c(i) = -i + 11. Let u(w) = -w**3 + 6*w**2 - 9*w + 50. Let j be u(6). Let v(z) = z - 12. Let h(d) = j*v(d) - 5*c(d). What is h(4)?
-3
Suppose -139*f + 354*f = 1720. Let o(h) = 9*h - 60. What is o(f)?
12
Let x(d) = d + 6. Let v be 3/(-6)*0*1. Let i be x(v). Let t(z) = 0*z + 7*z - 3*z + 6 - 2*z - 3*z. Give t(i).
0
Let k(f) = 2306*f**3 + 13 - 2309*f**3 - 42*f**2 - 3*f - 29 - 17. Determine k(-14).
9
Suppose -2*v + 18*v - 144 = 0. Let y be 6/(-9)*v/(-3). Let c(j) = 3*j - 4. What is c(y)?
2
Let u(o) = 2*o + 15. Let g be u(-7). Let a(f) = 5*f**2 - 11*f - 6. Let b be a(9). Let r(i) = -b - 6*i + 149 + 151. Calculate r(g).
-6
Let x = 4 - 4. Let n(q) be the first derivative of 7*q + 0*q**2 + 39 - 1/4*q**4 + 1/3*q**3. What is n(x)?
7
Let b(a) = -2*a**2 - 3*a + 2. Suppose 72 = 72*n - 54*n. Give b(n).
-42
Let v(n) = -2*n + 228. Let w(y) = -108. Let t(h) = 2*v(h) + 5*w(h). Calculate t(-13).
-32
Let i(v) = 2*v**2 - 3*v. Let h = -31 - -25. Let d be 5/2*(h + (-216)/(-45)). What is i(d)?
27
Let u(t) = 4*t**2 - 2*t. Suppose -138 + 160 = 2*n. Suppose n*f + 34 = 12. What is u(f)?
20
Let h(b) be the first derivative of -b**3/3 - 17*b**2/2 + 31. What is h(-17)?
0
Let x(d) = 8*d + 244. Let r be x(-30). Suppose 0 = 412*s - 410*s - r. Let y(b) = -b + 2. Determine y(s).
0
Suppose 7*w - r = 307, -142 + 36 = -2*w - 2*r. Let k(x) = -23*x + 1033. What is k(w)?
-2
Let n be 0/5 - 0 - (-3 + -1). Suppose -n*j + 5*i = -20, 0 = 5*j - 2*i - 51 + 26. Let t(y) = -y. Calculate t(j).
-5
Let j(c) = -2*c**2 - c + 1. Let d(t) = t**3 + 13*t**2 + 3*t - 8. Let m(l) = d(l) + 5*j(l). Let q = -4 + 1. What is m(q)?
3
Let p(w) = w**3 - 15*w**2 - 28*w + 185. Let o be p(16). Let b(h) = 2*h**2 + 10*h + 26. Give b(o).
54
Let c(m) = 6*m**2 - 3. Let u(d) = -11*d**2 + 5. Let w(k) = -5*c(k) - 3*u(k). Let l = 198 + -169. Suppose l*b = 27*b + 4. Calculate w(b).
12
Let l(y) = 4*y - 1. Suppose 0 = 3*a + 2*t - 292, 5*a + 28*t - 512 = 31*t. Let d = a + -97. Calculate l(d).
11
Let d(q) = 16*q**2 - q + 1. Suppose -b - b + 4 = 0, 4*b = 5*k + 173. Let j = -3 + k. Let s = 37 + j. Determine d(s).
16
Let p(f) = -f**2 - 19*f + 53. Suppose 2160 - 6384 = 192*k. What is p(k)?
-13
Let t(l) = 13*l - 21187218 - l**3 + 21187235 + 0*l**3 + 6*l**2. What is t(8)?
-7
Let o(h) be the third derivative of h**5/60 - h**4/6 - 13*h**3/3 - 2*h**2 + 84. Give o(9).
19
Let w(s) = s**3 + 13*s**2 - 20*s - 17. Let t = 2147 - 2161. What is w(t)?
67
Let j(c) = -c**2 + 15*c + 66. Let h = -28864 - -28860. Give j(h).
-10
Let m(t) = -15*t - 13. Let b(c) = -7*c**2 - 4*c + 153. Let i be b(-5). Give m(i).
17
Let q(p) be the third derivative of -p**7/42 + p**6/360 - p**5/120 - p**4/24 - 32*p**3/3 + p**2 + 17. Let t(j) be the first derivative of q(j). Calculate t(-1).
21
Let c(h) = -5*h. Let d(t) = -11*t + 1. Let m(n) = 5*c(n) - 2*d(n). Let l(k) be the first derivative of -k**2/2 - 10*k - 54. Let i be l(-13). Calculate m(i).
-11
Suppose -2*a - 5*j + 23 = 0, a - 3*j = -a + 15. Let m(h) = 4 - a - 5 - h. Suppose 0 = 5*y - 3*v - 15, -30*y - 4*v = -35*y + 20. Calculate m(y).
-10
Suppose 815*n + 22 = 813*n, 0 = -5*i + n - 44. Let c(x) = x**2 + 5*x - 3. Let t be c(-6). Let o(h) = -2*h**3 + h**t - 8 - 8*h - 12*h**2 - 3*h. Determine o(i).
-8
Let w(r) = 292*r**2 - 44*r - 44. Let q be w(-1). Let d = 285 - q. Let n(x) = -x**2 - 6*x - 3. What is n(d)?
-10
Let x(t) = -11*t**2 + 4*t + 2. Let y(h) = -8*h**2 + 5*h + 1. Let m(p) = 3*x(p) - 4*y(p). Give m(-7).
9
Let c(d) = 42*d - 930. Let o be c(22). Let i(x) = x**3 + 8*x**2 + 9*x - 17. Determine i(o).
1
Let u(f) = -12*f + 236. Let i be u(19). Let z(x) = x**2 - 8*x - 14. Determine z(i).
-14
Let r(l) be the third derivative of -l**4/4 - l**3 + 43*l**2. Let u be (-228)/30 - 3/(-5) - -4. Calculate r(u).
12
Let z(r) = -2 - 5*r**2 - 162*r + 113*r + 41*r + 2*r**3. Calculate z(-2).
-22
Let n(i) be the first derivative of -12*i**2 - 1321. Calculate n(1).
-24
Let k(f) = -2*f + 15. Let v be k(8). Let d be (v + 3)/(2/(-8)). Let h(q) = -q**2 - 10*q - 12. Let w be h(d). Let t(i) = -i**2 + 4*i + 1. Determine t(w).
1
Let i = -226 - -222. Let x(u) = -u**3 - u - 1. Let r(j) = -3*j**3 + 5*j**2 + 2. Let q(o) = i*x(o) + r(o). Give q(-4).
6
Let o = 1262 + -1251. Let y(p) be the first derivative of -1/4*p**4 - o + 4*p + 5/3*p**3 - 5/2*p**2. What is y(3)?
7
Let a(y) = y. Let x(k) = -5*k + 8. Let i(d) = -d**3 + 5*d**2 + 17*d - 23. Let t be i(7). Let b(w) = t*a(w) - x(w). Determine b(8).
16
Let r(f) = -2*f**3 - 18*f**2 + 2*f + 10. Let k(t) = 5*t**3 - 17*t**2 - 16*t + 57. Let a be k(3). Calculate r(a).
-8
Let d(l) = -l**3 - l - 1. Let w(x) = 7*x**3 + x + 6. Let v(n) = -3*d(n) - w(n). Let y be -8 - 5/(75/(-5))*3*10. What is v(y)?
-31
Let w(b) be the first derivative of b**3/3 + 9*b**2/2 + 23*b - 41. Let s be w(-5). Let p(u) = -4*u + 1. What is p(s)?
-11
Suppose -z - 6*r - 65 = 0, 0 = -z - 1497*r + 1502*r + 56. Let x(u) be the third derivative of -u**6/30 + u**5/60 + u**4/24 - u**3/3 + u**2. Determine x(z).
-4
Let r(m) = -2*m - 20. Let u be r(-10). Suppose -2*g - c + 11 = u, -5*g - 6*c = -10*c - 34. Let n(h) = -h**2 + h + 12*h - g - 8*h. Determine n(4).
-2
Let m(y) = y**2 - 19*y - 20. Suppose 3*d + 36 = 3*q, -9*d - 16 = -13*d. What is m(q)?
-68
Let c(u) = -13*u**3 + 4*u**2 - 13*u - 17. Let n(p) = -24*p**3 + 8*p**2 - 24*p - 32. Let o(s) = -11*c(s) + 6*n(s). Give o(5).
-35
Let u(h) = -2*h - 9. Suppose 61 = 5*a + 4*n - 34, 3*n = a. Suppose 16*o = a*o - 10. Calculate u(o).
11
Let o(x) = -32*x - 1. Let n(s) = 100*s + 13. Let b(i) = -n(i) - 4*o(i). Give b(-3).
-93
Let a(g) be the third derivative of -g**5/60 - 5*g**4/24 + 7*g**3/3 + 1162*g**2. What is a(-7)?
0
Let z(f) = -231500*f - 16 + f**2 + 2*f**2 + 231502*f. Determine z(3).
17
Suppose 0 = 3*v - 4*r + 4, 4*v - r = 4*r - 5. Let p(f) = 5327*f**3 + 5327*f**3 - 15 - 10655*f**3 - f. Determine p(v).
-15
Let g(h) = h - 1. Let d(o) = 7*o**3 + 2*o - 3. Let z(j) = d(j) - 3*g(j). Let q(r) = 3*r - 70. Let m be q(23). Determine z(m).
-6
Let b(h) = -5*h**2 - h. Let y(d) be the first derivative of -3*d**3 - 2*d**2 + d + 108. Let g(c) = 4*b(c) - y(c). Calculate g(-1).
-12
Let t be 142/4 + (-2)/(-16)*-4. Suppose -6*l - t = l. Let m(z) be the first derivative of z**2 - 3*z + 5. Determine m(l).
-13
Let z(v) = 8*v**3 - 7*v**3 - 74 + 49356*v - 49354*v - 43*v**2. Give z(43).
12
Let z(n) = -n**3 + 0*n + 75*n**2 - 16 - 4*n + 39*n**2 - 4*n - 103*n**2. What is z(10)?
4
Suppose 5*v = 2*k + 2*k - 23, 0 = -5*v - 15. Let z(c) = 949*c**3 - 2*c**2 + c - 2*c**2 + 2*c**k - 958*c**3. Calculate z(1).
-10
Let m(j) be the second derivative of -j**4/6 - 5*j**3/6 - 25*j**2 + 41*j - 2. Let p(a) be the first derivative of m(a). Suppose 0 = 5*n - 0 + 20. Give p(n).
11
Let d(v) = 0*v**2 - 2 + 0 + v**2